et j(u) = -u**3 - 23*u**2 + 24*u - 7. Let q be j(-24). Determine w(q).
5
Let a(f) = f**2 - 3*f - 324189 + 0*f**2 + 324162 - 7*f. Determine a(9).
-36
Let n be (-95)/38 + (-3)/(-2). Let q be (0 + n)*(-88 + 93). Let z(j) = 4*j - 4. Let y(l) = l - 1. Let o(a) = 15*y(a) - 3*z(a). Give o(q).
-18
Let l(t) be the second derivative of -t**4/12 - 4*t**3/3 - 3*t**2 - 5*t. Let k(o) be the first derivative of l(o). Suppose -96 = 5*i + 11*i. What is k(i)?
4
Let n be (18/21)/((-3)/(-14)). Suppose -y - 4*y - 4*f - 10 = 0, 5*y - 30 = n*f. Let s(h) = -10*h**y - 1 - 3*h + 21*h**2 - 12*h**2. Give s(-3).
-1
Suppose 2*a - 5*w = 468, 3*a - 552 = 3*w + 168. Let z = 242 - a. Let k(q) = -3*q**3 - 2*q**2 + q + 1. What is k(z)?
15
Suppose 15*h - 90 = -15*h. Let n(j) = -6 - j**3 - 9*j**3 + 7*j**h + 9 + 3*j**2 - 2*j. Give n(2).
-13
Let c(f) = 762*f - 3812. Let i be c(5). Let q(k) = -13*k**3 - 17*k**2 - 13*k. Let s(m) = -6*m**3 - 8*m**2 - 6*m. Let b(a) = -4*q(a) + 9*s(a). What is b(i)?
4
Suppose 4*j - 2*f - 10 = 0, 2*f = 2 + 8. Suppose -40 = 5*m + j*y, 2*y = 9*m - 4*m + 12. Let i(z) = 4*z**2 - 3*z + z**3 + 0*z**3 - 4 + 0*z**3. Calculate i(m).
8
Suppose 5*s + 3*q - 4470 = 0, 2682 = -s + 4*s - q. Let x(o) = s - 1786 + 10*o + 894 + o**2. Calculate x(-9).
-7
Let t(y) = 3 - 15921*y + 0*y**2 + 4 - 1 + 15912*y - y**2. Suppose 4*m = -28 - 12. Calculate t(m).
-4
Let i(h) = h**3 - 6*h**2 + 7*h - 4. Let y(x) = -x**2 - 8*x + 5. Let r be y(-8). Suppose 2 = 3*g - r*q + 3, -q + 2 = 0. Suppose g*k = k + 10. Calculate i(k).
6
Let n(i) be the third derivative of i**4/2 - 7*i**3/6 - i**2 + 465*i. Calculate n(2).
17
Let s(x) = -229*x**3 - 8*x + 230*x**3 - 26 - 15*x**2 + 6*x**2 + 9. Suppose -5*a = -4*j - 34, -3*j - 38 = -5*a - 0*j. Give s(a).
3
Suppose 120 + 28 = 74*z. Suppose -4*h + 2344 = -672. Let a(q) = -3*q**2 + 4*q**z - q**3 - 754 + h. Determine a(2).
-4
Let b(d) = 3*d**2 - 4*d - 3*d**3 - 20307 + 20308 + 5*d**3 + d**2 - d**2. Let n be (-2)/9 + 75/(-27). Calculate b(n).
-14
Let o(t) be the third derivative of -t**7/630 - t**6/180 - 5*t**4/8 - t**3/3 + 81*t**2. Let l(n) be the second derivative of o(n). What is l(-3)?
-24
Let a(s) be the third derivative of -s**5/60 + s**4/8 - s**3/3 - 39*s**2 - 4*s. Suppose 0 = -4*q + 21 + 3. What is a(q)?
-20
Let g(h) = -18*h + 21. Let t be g(1). Let q(j) = 8*j**t + 2 - j + j**2 - 4*j**3 - 5*j**3. Give q(3).
-19
Let i = 139 - 138. Suppose -5*a - 11 = 2*f, -14 - i = 4*f + 3*a. Let s(u) = -12*u - 2. Give s(f).
34
Let v(j) = -87*j**2 - j + 1. Let d = -1768 + 1769. Calculate v(d).
-87
Let x(a) = -2*a**2 - 7. Let y(w) = -3*w**2 + 14*w - 8. Let j be y(4). Let r be x(j). Let i(h) = -h**2 - 6*h + 7. Give i(r).
0
Let j(q) = 2*q**2 + q + 690*q**3 - 1400*q**3 + 697*q**3. Determine j(2).
-94
Let y(l) = 98*l + 890. Let i(p) = 39*p + 371. Let h(s) = 12*i(s) - 5*y(s). Give h(-7).
156
Suppose 6*k = -5 + 41. Let b(l) = k*l + 8*l - 12*l + 0*l - 9. Let c be (-1 + 8)*(-6)/(-7). Give b(c).
3
Suppose 4*z - 4*p = -95 + 99, -5*z + 3*p + 7 = 0. Let o(r) = 31*r - 4. Determine o(z).
58
Let k(d) = 2*d**2 + 9*d - 11. Let z(f) = -6*f**2 - 25*f + 31. Let g(u) = 11*k(u) + 4*z(u). Give g(6).
-75
Let i(o) = -2*o**2 + 89*o - 187. Let t(n) = -n**2 + 44*n - 99. Let c(q) = 4*i(q) - 9*t(q). Calculate c(36).
-1
Let o(z) be the third derivative of z**5/20 + z**4/3 - 2*z**3/3 - 2*z**2 + z - 3670. Calculate o(-3).
-1
Suppose -15 = 23*u - 130. Let f(p) = 4*p**3 + 5*p**2 - 6*p + 5. Let m(o) = -5*o**3 - 5*o**2 + 7*o - 6. Let h(r) = -6*f(r) - 5*m(r). Determine h(u).
5
Let u be (11 + -8 + (2 - 5))*-1. Let h be (-2*1)/(4/(-10)). Suppose 5*q = h*a + 15, -4*q + 3*a + 8 + u = 0. Let o(i) = i**3 + 2*i**2 - 1. Give o(q).
0
Let t(w) = 321 + 6*w - 361 - 2*w - 8*w. What is t(-3)?
-28
Let y(v) = v**2 - 6*v - 1. Let j be y(5). Let z be (99/j)/(-2 - 22/(-8)). Let i be (-2)/6 + z/12*2. Let r(u) = -2*u**2 - 7*u - 6. Calculate r(i).
-10
Let l(q) = -75*q - 20*q - 140 + 23*q**2 + 24*q**2 - 49*q**2. What is l(-46)?
-2
Suppose 19 = -5*m - 1. Let n be (-16)/(-3) + m/(-6). Let g(c) be the first derivative of c**2/2 - 12*c - 12347. Determine g(n).
-6
Let h be 10*(-287)/(-42) - 6/(-9). Let c(j) = -3*j - 6*j - j**2 - 137 + 0*j**2 + h + 74. Let w be ((-2)/(-3))/((-1)/15). Calculate c(w).
-4
Let k(y) = y**3 + 30*y**2 - 45*y - 439. Let n be k(-31). Let x(j) = -3. Let d(l) = -l + 1. Let u(v) = 3*d(v) - x(v). Calculate u(n).
21
Let n(i) = 3*i - 12. Let s be n(5). Let k = -85 - -87. Let l(o) = -2 + 11*o**k + 6 - 10*o**2 - 2. What is l(s)?
11
Let p be -4 - ((5 - 4)*-2 + -3). Let u(n) = -n**2 - n. Let g(j) = 7*j**2 + 3*j + 1. Let z(l) = p*g(l) + 5*u(l). Let d be (-5)/(-1) + -5 + 4. Determine z(d).
25
Let c be (-3)/(-4) + (-369)/12. Let s = -219 + 187. Let n = c - s. Let l(f) = 5*f + 1. What is l(n)?
11
Let m(v) = v**3 + 4*v**2 + v + 1. Let w(d) = 3*d**3 + 9*d**2 + 2*d + 2. Suppose -5*g - 15 + 5 = 0. Let j(p) = g*w(p) + 5*m(p). Give j(-2).
15
Let l(f) = f**2 + f + 3. Let w be l(0). Let n(g) = w*g**2 - 3*g + 3 - 4*g**2 + 1. Let h be (20/(-15))/((-4)/(-24)) - -3. What is n(h)?
-6
Let f(d) = 23*d - 22 + 22*d + 29*d + 32*d - 108*d. Suppose 0 = -0*a - 2*a - 2*l - 24, 2*a + 3*l + 26 = 0. Give f(a).
-2
Let p(w) be the second derivative of 10*w**3/3 - 72*w**2 - 2329*w. What is p(7)?
-4
Let k(t) be the second derivative of 0*t**3 + 1/2*t**2 - 2 - 44*t - 1/20*t**5 - 1/12*t**4. Calculate k(2).
-11
Suppose 168 = 16*k + 88. Let i(g) be the second derivative of g**3/3 - 3*g**2 + 7*g. Give i(k).
4
Let z = 395 + -398. Let k(l) = 8*l + 25. Let d be k(z). Let r(h) = 11*h**3 - 2*h + 1. Determine r(d).
10
Let y be (16/(-6))/((-194)/(-291)). Let q(u) = u**3 + 4*u**2 - u - 8. Determine q(y).
-4
Let b(j) = -36*j - 103. Let y(m) = 13*m + 40. Let f(w) = 3*b(w) + 8*y(w). What is f(4)?
-5
Suppose 64745 = 16*y + 7*y. Let d(f) = 4 + 3 - 2816*f - 5 + y*f - 3*f**2. Calculate d(-2).
-8
Let u(d) = 13985*d - 80 + 13986*d - 27969*d. Give u(18).
-44
Let m(s) = -s**2 + 37*s - 100. Let n be m(34). Let w(q) = -8 + 3*q - 14*q**2 - 2*q - q**3 + 8*q**n + 8*q - 6*q. Give w(-7).
20
Let g(r) = -28 - 9*r - 26 + 169 - 90. Determine g(-14).
151
Let s(r) = 15*r + 43 - 333*r**2 - 2*r**3 + 658*r**2 + 3*r**3 - 338*r**2. What is s(11)?
-34
Let i(o) be the first derivative of -o**4/4 - 2*o**3 - 5*o**2/2 + 4*o + 1438. Let s = 5 + -8. Calculate i(s).
-8
Let a(n) = n + 6. Let h(k) = -2*k - 20. Let i be ((-9)/27)/((-4)/(-72)). Let x be h(i). Calculate a(x).
-2
Let p(j) be the first derivative of -4*j + 1/4*j**4 - 4/3*j**3 - 5/2*j**2 - 28. Calculate p(5).
-4
Let x(l) be the second derivative of l**5/60 + l**4/24 + 4*l**3 - 117*l**2/2 - 89*l. Let a(d) be the first derivative of x(d). Calculate a(0).
24
Let c(u) = 6*u**3 + 2*u**2 - 2*u + 2. Let i(h) = 578*h + 1157. Let j be i(-2). Calculate c(j).
8
Let a(n) = -7*n + 13. Let g(o) = -4*o - 125. Let w be g(-34). Let s(l) = 13*l - 25. Let y(x) = w*a(x) + 6*s(x). Calculate y(5).
-2
Let s = 5239 + -5217. Let a(x) = -x**2 + 22*x - 11. Determine a(s).
-11
Let z(x) = -685 + 635 + 7*x - 8*x. Give z(-52).
2
Suppose 3*q = -5*x + 16, -3*q + 3*x = x - 23. Let f(c) = -q*c + 40 - 20 - 4*c - 22 - c. Determine f(-2).
22
Let b(h) = -11*h + 295. Let w(y) = 9*y - 295. Let m(j) = 6*b(j) + 5*w(j). Determine m(14).
1
Let p(o) = o**2 + 2*o - 12. Let i(v) = -3*v**2 - 6*v + 35. Let q(y) = 6*i(y) + 17*p(y). Let k = -8617 - -8613. What is q(k)?
-2
Let b(d) be the first derivative of d**3/3 + 7*d**2 + 4*d - 490. Calculate b(-13).
-9
Suppose -9 = -y - 1. Suppose -3*k - 20 = 5*i + 22, 5*k + i + 48 = 0. Let c(h) = 6*h + 14. Let s(x) = -14*x - 29. Let l(d) = k*c(d) - 4*s(d). Calculate l(y).
6
Let o(p) = p. Let j be o(5). Let k(t) = -81*t**3 + 9*t**2 + t + 1. Let c(s) = -20*s**3 + s**2. Let w(i) = -4*c(i) + k(i). Determine w(j).
6
Let x(q) be the second derivative of -q**6/120 + 2*q**5/15 - q**4/12 + 5*q**3/6 - 17*q**2/2 + 77*q. Let m(s) be the first derivative of x(s). Calculate m(8).
-11
Suppose -3*v - 4*m = -54, -2*m - 3*m + 18 = v. Suppose -5*s - 7 = v. Let j(c) = -61*c - 5. Let r(k) = -76*k - 5. Let t(n) = 5*j(n) - 4*r(n). Determine t(s).
0
Let z(b) = 0*b**2 + 7*b - b**2 + 99 + 12*b - 82. Calculate z(20).
-3
Let j(s) = s**3 - 16*s**2 - 12*s + 13. Let u = 27292 - 27275. Calculate j(u).
98
Let m(n) = -n**2 - n. Suppose 58 = 4*v + 22. Let k(o) = -v - o + 3 + 0 + 0*o. Let 